17
Suppose -4*r = -3*r - 28. List the prime factors of r.
2, 7
Suppose 13 = 5*o - 42. Suppose o = 3*i + 2. Suppose -i*k + 6 = 0, 5*p - 21 - 34 = -5*k. What are the prime factors of p?
3
Let f = -5 + 5. Suppose f*m + 10 = 2*m. Suppose 2*z - 3 = -c, m*z + 30 = c - 8. List the prime factors of c.
13
Let l be (6/4)/((-1)/22). Let n = l - -48. Suppose -5*u + n = 0, -x + 5*x + u = 47. What are the prime factors of x?
11
Suppose 130 = 5*k - 70. Suppose -k = -5*p + 5. Let n = 17 - p. List the prime factors of n.
2
Let u(n) be the first derivative of -7*n**2/2 + 3*n + 4. List the prime factors of u(-3).
2, 3
Let f(u) = u**3 - 5*u**2 + 6*u - 6. Let o = -8 + 12. List the prime factors of f(o).
2
Let o be (-1 - 1) + (-4)/1. Let p(d) = -2*d - 5. Let i be p(o). Suppose 0 = -2*f - q + 6, 0 = 2*f - 4*q - i - 9. What are the prime factors of f?
2
Suppose -o = -0*o - 26. List the prime factors of o.
2, 13
Suppose 0 = 4*o + 18 + 6. Let r be o/(-2 + 69/30). Let i = r + 28. List the prime factors of i.
2
Let d be (-1 - -5)/(-1 + 0). Let f = 6 + d. Suppose -u + 34 = 4*w, 2*w - f*u + 15 = 37. List the prime factors of w.
3
Suppose 0 = 3*s + 46 - 121. List the prime factors of s.
5
Let p(o) = 5*o**2 + 7*o - 3. List the prime factors of p(-6).
3, 5
Let k(g) = 3*g**2 - 15*g + 10. Let o(m) = -5*m**2 + 29*m - 20. Let y(d) = -7*k(d) - 4*o(d). List the prime factors of y(-11).
2, 5
Suppose 3*p + 5*t - 553 = 0, 2*p + 2*t - 356 = 6. What are the prime factors of p?
2, 11
Suppose 3*y - 2*y = 4*b + 25, 4*b + 20 = 0. List the prime factors of y + (4 - 1)*-1.
2
Let d = 16 + 44. What are the prime factors of d?
2, 3, 5
Let z(h) = h**3 - h**2 + h + 42. Let n be z(0). Suppose 5*u = -3*s + 7, 2*s - u = u + 10. List the prime factors of (8/12)/(s/n).
7
Let s = 205 - 109. List the prime factors of s.
2, 3
Let j(w) = -15*w**3 + 2*w - 1. Let k be j(1). Let i = k + 9. List the prime factors of 25/2*(-4)/i.
2, 5
Let b(p) = p**3 + 7*p**2 + 4*p + 7. Let x be b(-5). Suppose -5*o + 0*o = -3*v + x, 3*o - 30 = -4*v. What are the prime factors of v?
3
Let y = 36 - 2. Suppose -3*q + 53 = -y. What are the prime factors of q?
29
What are the prime factors of -1 + -2 - (-13 - -1)?
3
What are the prime factors of -4*(8 + -5 - 130/4)?
2, 59
Let q(n) = n + 12. Let c be q(-7). Let x = c - 1. Suppose 0 = -r + x, y + 3*r = 4*y - 3. List the prime factors of y.
5
Let d(a) be the second derivative of -a - 5/6*a**3 + 0 - 5/2*a**2. What are the prime factors of d(-4)?
3, 5
Let j = -92 + 133. List the prime factors of j.
41
Let j = -5 + 11. Suppose -59 = -5*a - 4*u, j*a + 3*u - 63 = a. List the prime factors of a.
3, 5
Let w(q) = 7*q**2 + q**3 - 2*q - 2*q**3 + q**3 + 2 + q**3. Let c be w(-7). Suppose c = 3*a - 2. What are the prime factors of a?
2, 3
Let p(b) = 5*b**3 + 2*b - 2*b**3 + 4*b - 4*b**3 + 1 - 5*b**2. Let k be p(-6). Let c = 7 + k. List the prime factors of c.
2
Suppose -28 = -o - 6*o. What are the prime factors of o?
2
Let o(t) = t + 7. Let k be o(-10). List the prime factors of k + 4 - (-1 + 0).
2
Suppose -n - 2*b = -5, -2*b + b - 11 = -4*n. Suppose 5*x = -l - 141, 0 = x + n*x - 2*l + 110. What are the prime factors of (-300)/x + 4/14?
11
Let a = 16 + -28. Let u(l) = 18*l**3 + l**2 - l - 1. Let x be u(-1). Let t = a - x. What are the prime factors of t?
5
Let b = 0 - -4. What are the prime factors of b?
2
Suppose k = -2*b + 3, 0*k = 5*b + 3*k - 9. Suppose b = 2*c - 3*h - 23, -4*c + 36 + 1 = -3*h. List the prime factors of c.
7
Let d(k) = -6*k - 16. List the prime factors of d(-4).
2
Let z = -16 + 33. List the prime factors of z.
17
Suppose 0 = 4*f - 119 + 7. What are the prime factors of f?
2, 7
Let s(p) = -14*p**3 - 23*p**2 - 2*p - 2. Let k(c) = -5*c**3 - 8*c**2 - c - 1. Let a(f) = -11*k(f) + 4*s(f). What are the prime factors of a(-5)?
13
Suppose 2*k - 56 = -0*k. What are the prime factors of k?
2, 7
What are the prime factors of (-2)/8 + (-965)/(-20)?
2, 3
Suppose 0 = -q + 4*q - 228. What are the prime factors of q?
2, 19
Let s be (-9)/(-2)*(-4)/(-6). Let w(n) = n - 6. Let u(o) = o - 1. Let x(p) = 4*u(p) - w(p). List the prime factors of x(s).
11
Suppose 4*f + 5*r = 39 + 251, 2*f = 4*r + 158. Suppose 5*l - 5*n - f = 0, -4*n = -l + 2*l - 5. What are the prime factors of l?
13
Suppose -5*g + p = -108, -3*g + 56 = -4*p - p. List the prime factors of g.
2, 11
List the prime factors of ((-8)/(-16))/((-2)/(-1112)).
2, 139
Let j be 3/7 + (-2576)/(-49). Suppose 0 = 2*v - 15 - j. List the prime factors of v.
2, 17
Suppose 3*d - 8*d + 60 = 0. List the prime factors of d.
2, 3
Suppose j = 3*j - 12. What are the prime factors of j?
2, 3
Suppose -4*w - 30 = w. Let r(j) = -j**3 - 6*j**2 - j + 7. What are the prime factors of r(w)?
13
Suppose 2*o + 136 = -0*o. Let l be o/(-7) + (-2)/(-7). List the prime factors of (-19)/(-5) - (-2)/l.
2
Suppose 2*t - x = 94, 22 + 60 = 2*t + 5*x. What are the prime factors of t?
2, 23
Let d(f) = -f**2 + 13 - 11*f + 4*f - 3*f. What are the prime factors of d(-9)?
2, 11
Let l(i) = i**3 + 12*i**2 - 9*i - 8. List the prime factors of l(-12).
2, 5
What are the prime factors of (-31)/(-3 + 92/32)?
2, 31
Suppose 4*o = -3*i + 257, 4*i - 4*o - 192 - 132 = 0. What are the prime factors of i?
83
Suppose 0 = k - 1, -5*k + 32 = 3*p - 63. What are the prime factors of p?
2, 3, 5
Let b(m) be the third derivative of m**4/6 - 2*m**3/3 - 2*m**2. What are the prime factors of b(3)?
2
Suppose 5*a - a + 2*l - 844 = 0, 20 = -5*l. List the prime factors of a.
3, 71
Let h(k) = k**2 - 10*k - 27. List the prime factors of h(-8).
3, 13
Suppose 3*g = -3 - 3. Let m = g + 5. What are the prime factors of m?
3
Let f = 98 + -62. List the prime factors of f.
2, 3
Suppose c + 4*a - 22 = 91, 4*c - 389 = 5*a. What are the prime factors of c?
101
Let o(w) = w - 3. Let y be o(8). Suppose -7*v + 3*v = -16, 4*l + y*v - 68 = 0. List the prime factors of l.
2, 3
Let b(k) = -6*k - 41. What are the prime factors of b(-10)?
19
Suppose 14*r - 2845 - 1999 = 0. List the prime factors of r.
2, 173
What are the prime factors of (-646)/(-19)*(0/(-1) + 2)?
2, 17
List the prime factors of (-1042)/(-12) + (39/18 - 2).
3, 29
List the prime factors of -3 + 3 + -3 - -22.
19
Let p(w) = w**3 + 6*w**2 - 8*w + 5. List the prime factors of p(-5).
2, 5, 7
Suppose -3*t - 76 + 283 = 0. List the prime factors of t.
3, 23
Let g = 0 + 4. Suppose -17 = -g*d + 27. List the prime factors of d.
11
Let c(a) = 0*a - 7*a**2 + a**3 + 6 + a + 3. Let x = -31 - -38. List the prime factors of c(x).
2
Let k = 0 + 7. Let o(s) = 2*s - 6. List the prime factors of o(k).
2
Suppose -5*m - 4*k + 447 = -2*m, -k - 287 = -2*m. What are the prime factors of m?
5, 29
Let v = 29 + -21. Let j be v - (-3 - 2*-1). Let f = j + 3. List the prime factors of f.
2, 3
Let z = 9 + -4. Suppose z*u - 112 = u. Suppose 3*b = -7 + u. List the prime factors of b.
7
Let s(f) be the first derivative of 5*f**3/3 + 3*f**2/2 + f + 7. What are the prime factors of s(-2)?
3, 5
Suppose -5*m + 21 = -h, -6*h - 2*m = -2*h + 18. Let p = h - -17. What are the prime factors of p?
11
Suppose 3*y + 125 = 5*v, -2*v + 5*y + 96 = 27. Suppose -5*i - 3*s + 30 = 2*s, 5*s - v = -4*i. What are the prime factors of i?
2
Let d(q) = q + 7*q + 1 - 4*q - 3. List the prime factors of d(4).
2, 7
Let a(f) = -f**3 + 6*f**2 + 5*f - 6. What are the prime factors of a(6)?
2, 3
Let v(r) = -r**3 + 11*r**2 + 8*r + 18. What are the prime factors of v(11)?
2, 53
Let n(w) = -w**3 + 9*w**2 + 11*w - 7. List the prime factors of n(10).
3
Suppose 5*j - 4*b = -170, -2*j + 5*j + 3*b = -75. List the prime factors of 12/j - 82/(-5).
2
List the prime factors of -12 + 92 - (1*4 + -2).
2, 3, 13
Suppose -81 = -l - 23. List the prime factors of l.
2, 29
Let a(l) = 7*l - 1 + 7*l**2 - 5*l + 3 - l**3. What are the prime factors of a(7)?
2
List the prime factors of 6 + 78/(-12) + 307/2.
3, 17
Suppose g + 47 = 127. List the prime factors of g.
2, 5
Suppose -5*d + d = 5*f - 317, 0 = 5*d - 2*f - 388. What are the prime factors of d?
2, 3, 13
Let i be (2 + (-5)/2)*-8. Let j = -2 - -2. Let p = i + j. List the prime factors of p.
2
Suppose 2*v + 1 = 3*y, 0 = -y - 3*y + 5*v - 8. Suppose 0 = 3*r + 4*s - 65, -y*s - 2 = 10. List the prime factors of r.
3
Let q be (-4240)/(-48) - 1/3. Suppose -11*d + q = -7*d. List the prime factors of d.
2, 11
Let